 -353. What is the remainder when q is divided by 52?
47
Let c(n) = n - 4. Let s be c(-5). Let g(z) = z**3 + 8*z**2 - 12*z + 13. Calculate the remainder when g(s) is divided by (-22)/6*(3 - 6).
7
Suppose -5*u = -5*l + 140, -2*l = -l + 3*u - 20. Suppose l - 1 = 5*a. Calculate the remainder when 17 is divided by a.
2
Suppose -2720 = 3*d - 7*d. Suppose 4*p - d = -p. Suppose p = 8*o - 4*o. Calculate the remainder when o is divided by 9.
7
Suppose 4*o + 0*o = -2*r + 50, -4*r = o - 16. Let k = -4 + 2. Let h = o - k. Calculate the remainder when 27 is divided by h.
13
Suppose 7*z = 5*h - 275, -5*h + 81*z + 230 = 83*z. Let q = -5 + 10. What is the remainder when h is divided by q?
3
Suppose 110*g + 68 = 111*g. Calculate the remainder when 259 is divided by g.
55
Suppose 2*z + 5*k = 18, 5*z = -0*z + 2*k + 103. What is the remainder when 65 is divided by z?
8
Let y = -770 + 788. Let i be (-18)/1 - (-1 - -3). What is the remainder when y is divided by i*1*3/(-6)?
8
Let h(t) = -t + 10. Let w be h(6). Let b(c) = -c**2 - 9*c. Calculate the remainder when b(-6) is divided by 93/12 - 3/w.
4
Suppose 0 = -4*c + 4*l + 214 - 162, 5*c - 3*l - 59 = 0. What is the remainder when 60 is divided by c?
0
Let f(q) = 3*q**2 + 15*q + 91. What is the remainder when 531 is divided by f(-5)?
76
What is the remainder when 149 is divided by 220/231*7 - 4/(-3)?
5
Suppose q - 6 = -2. Suppose q*v - 5 = 3*t, -1 = -2*t + 1. Suppose -v*s + 3*s - 74 = 0. What is the remainder when s is divided by 25?
24
Suppose 0*z + z - 2*x + 7 = 0, 3*z - 29 = -4*x. Suppose -z*a - 43 = -5*w - 4*a, -2*a + 14 = 2*w. Calculate the remainder when 53 is divided by w.
8
Let o = 226 + -73. Let u = 10 + o. Calculate the remainder when u is divided by 15.
13
Suppose -3*g + 54 = 3*w, -3 = -w - 0. Suppose -12*i + g = -9*i. Suppose 5*n = -i*z + 175, 0*z + 115 = 3*z - 2*n. What is the remainder when z is divided by 10?
7
Suppose v - 58 = -30. Calculate the remainder when 29 is divided by v.
1
Let y = -4 - -12. What is the remainder when ((-28)/14)/((-1)/6) is divided by y?
4
Suppose 1 = -2*p + 43. Calculate the remainder when (-612)/(-10) - (4 + (-209)/55) is divided by p.
19
Suppose u - 38 = -5*c + 64, u = -3. Let w = -9 + c. Calculate the remainder when 38 is divided by w.
2
Suppose 15 = 5*j - 4*g + g, -3*j + 9 = -2*g. Suppose 3*y = 3*c + 40 + 47, -j*y = -4*c - 82. Calculate the remainder when y is divided by 6.
4
Calculate the remainder when ((-36)/(-7))/(516/126 - 4) is divided by 5.
4
Let q = -1464 + 1966. What is the remainder when q is divided by 160?
22
Let y = 9 - -1. Suppose 15 = -y*d + 13*d. Calculate the remainder when 23 is divided by d.
3
Suppose 335*c - 468 = 332*c. What is the remainder when c is divided by 67?
22
Let z = 22 + 2. Let b(d) = 2*d**2 + 13*d. Let r(s) = s**3 - 10*s**2 + 7*s + 8. Let l be r(9). Calculate the remainder when b(l) is divided by z.
22
Suppose 2*h + 2*h = 3*g + 44, 4*h - 20 = -3*g. Suppose j = 5*y + 15, j + 0*j + 2*y - 36 = 0. Calculate the remainder when j is divided by h.
6
Suppose 64*i - 27*i - 2812 = 0. Calculate the remainder when 300 is divided by i.
72
Let l be ((-6)/(-15))/(2/(-170)). Let w = -14 - l. Calculate the remainder when w + (1 - (2 - 4)) is divided by 8.
7
Suppose 7*l - 393 = 307. Calculate the remainder when l is divided by 3.
1
Suppose 404 = -16*i + 1924. Calculate the remainder when i is divided by 42.
11
Suppose 12 = 5*t - 13. Suppose 1 + t = v. What is the remainder when 17 is divided by v?
5
Suppose 0 = -3*g - 5*w, -5*g + 33 = -3*w - 1. Let r(q) = 2*q**3 + 4*q**2 + 5. Let c be r(-4). Let o = c + 82. What is the remainder when o is divided by g?
3
Let t(i) = i**3 - 4*i**2 + 3*i - 1. Let d be t(2). Calculate the remainder when 43 is divided by d/(21/(-9) + 2).
7
Calculate the remainder when (-142)/(-6) + 1/3 is divided by (-1)/3*3*-9.
6
Let j be (-9)/(135/(-6))*190. Let i = -43 + j. What is the remainder when 61 is divided by i?
28
Suppose 170*h - 179*h + 153 = 0. What is the remainder when 21 is divided by h?
4
Suppose 0 = -4*g + 2*u - 0*u + 140, -2*g + 70 = -5*u. What is the remainder when g is divided by 18?
17
Let d = 185 - 151. Calculate the remainder when 100 is divided by d.
32
Let m(b) = b**2 - 2*b + 2. Suppose -3*j + 12 + 15 = 0. Calculate the remainder when m(-3) is divided by j.
8
Let o = -809 - -814. What is the remainder when 126 is divided by o?
1
Let t = 1 - -4. Suppose -3*x + 4 + 11 = -t*w, 0 = 3*w. Let u(l) = 8*l - 9. Calculate the remainder when 91 is divided by u(x).
29
Let z(y) be the third derivative of 0*y**3 + 0*y + 1/24*y**4 + 0 + 1/8*y**6 + 14*y**2 - 1/30*y**5. What is the remainder when 54 is divided by z(1)?
12
Suppose 4*q + 22 = 3*p + 3*q, 3*p - 14 = 5*q. Let r(g) = -15 + p + 6*g - 2. Calculate the remainder when r(7) is divided by 9.
6
Let x be 3/(-9) - 0 - 136/24. What is the remainder when 16/6 - x/(-9) is divided by 1?
0
Suppose 2*m + 5*b + 14 = -0, m - 4*b - 19 = 0. Let h be -1*(m + -1 + -4). Suppose 0 = h*w + 2*w - 56. What is the remainder when 40 is divided by w?
12
Let f be -1 + -6*(-3)/9. Calculate the remainder when f*(129/1 + 0) is divided by 44.
41
Suppose 7*b = 10*b - 12. Suppose -5*y = -3*w - 75, 4*y - b*w + w = 63. Suppose l + 1 = 20. Calculate the remainder when l is divided by y.
7
Suppose 13 = -5*j - 32. Calculate the remainder when 19 is divided by (-33)/j - 2/3.
1
Suppose -b + 4*s = -121, 2*b - 5*b - 5*s = -363. Calculate the remainder when b is divided by 33.
22
Suppose -5*h - 5*q = -0*q - 40, -4 = -5*h + 4*q. Suppose 0 = -0*r + 5*r - m - 117, -r + h*m = -31. What is the remainder when r is divided by 6?
5
Suppose 2*v + 3*j = 3, 9 = 2*v - 3*j - 0. Let a(y) = -y**2 - 7*y - 6. Let l be a(-4). Suppose s = -3 + l. Calculate the remainder when v is divided by s.
0
Let t = 1223 - 1093. What is the remainder when 3769 is divided by t?
129
Let n(z) be the first derivative of z**2/2 + 18*z - 5. Calculate the remainder when 56 is divided by n(2).
16
Suppose 0 = 2*n + 5*k - 598, -920 - 633 = -5*n + 2*k. Calculate the remainder when n is divided by 52.
49
Suppose -5*j - 31 = -2*a - 0*a, -5*a = 3*j. Suppose 2*z = 4*p + 8, -3*z + 0*z + 22 = 4*p. Suppose -3*b = -6 - z. What is the remainder when b is divided by a?
1
Let s(f) = -66*f**3 + 1. Let o be s(1). Let p = -20 - o. Calculate the remainder when p is divided by 8.
5
Suppose -113 = -2*u + 5*q + 26, 5*u + 2*q = 420. What is the remainder when u is divided by 19?
6
Let p(u) = -37*u - 203. Calculate the remainder when 89 is divided by p(-6).
13
Calculate the remainder when 88 is divided by -6*91/(-168)*(-4)/(-1).
10
Let n(c) = -5*c**3 + 44*c**2 + 5*c + 51. Let q(b) = -b**3 + 11*b**2 + b + 13. Let o(g) = -2*n(g) + 9*q(g). What is the remainder when o(-11) is divided by 15?
11
Suppose -y - r + 109 = 0, 2*r + 0*r - 331 = -3*y. Suppose 0 = -7*q + 39*q - 928. Calculate the remainder when y is divided by q.
26
Suppose 5*a = 7*a - v - 23, -19 = -a - 2*v. Calculate the remainder when 220 is divided by a.
12
Let u(y) = 6*y**2 - 4*y + 1. Let b = -69 - -72. Suppose 3*d = 19 + 14. Calculate the remainder when u(b) is divided by d.
10
Suppose -3*i - 25 + 74 = 2*p, -4*p + 3*i = -71. Let b = 91 + 7. What is the remainder when b is divided by p?
18
Suppose 35*j = 39*j - 4*f - 1124, -281 = -j - 3*f. Calculate the remainder when j is divided by 71.
68
What is the remainder when 81 is divided by 1 + 14 - (1 + 2)?
9
Let x = 2 + 0. Let y be 109/3 - x/(-3). Let h = -16 + y. What is the remainder when 41 is divided by h?
20
Let x = -47 - -55. What is the remainder when (1 + -3)*(-14)/4 is divided by (-40)/x*(-2 + 1 + 0)?
2
Let b(l) = -2*l**2 + 7*l + 28. Let m be b(12). What is the remainder when m/12*(-36)/8 is divided by 18?
12
Let l = 547 - 513. Calculate the remainder when 268 is divided by l.
30
Suppose -2*s - 4*p + 2 = 0, 5*s + 3*p = 10 + 2. Calculate the remainder when 9 is divided by s.
0
Let a = 2271 + -2163. What is the remainder when 436 is divided by a?
4
What is the remainder when 47 is divided by (-108)/(-72)*(-1 + 13/3)?
2
Let g be 51/18 - 5/(-30). Suppose p - 9 = -x + 4, 5*x + 63 = g*p. Calculate the remainder when 30 is divided by p.
14
Calculate the remainder when 175 is divided by 5/((-15)/(-12)) + 23 + -7.
15
Suppose m - 19 = -k + 6*m, 111 = 3*k + 3*m. What is the r